22. Let j be k(-20). Calculate the highest common divisor of u and j.
18
Suppose 0 = -2*h - 2*h - 16, 0 = 5*c - h - 644. Let y = c + -82. What is the greatest common divisor of 23 and y?
23
Suppose -4*o + 477 = -u, 50 - 408 = -3*o + u. What is the greatest common factor of 7 and o?
7
Suppose 4*w + 8 = 64. Let l(x) = x**3 + 8*x**2 - 11*x + 3. Let k be l(-9). Calculate the greatest common divisor of w and k.
7
Let g(l) = l + 5. Let c(t) = 2*t**2 - 8*t - 4. Let h be c(5). Let d be g(h). Suppose 0 = -d*x + 6*x + 20. What is the highest common factor of x and 1?
1
Let t(c) = 3*c**2 + 6*c + 5. Let k be t(-2). Suppose k*x - x - 3*m - 1050 = 0, -2*m = 2*x - 518. Calculate the greatest common divisor of x and 29.
29
Let a(x) = x**3 - 10*x**2 - 11*x + 5. Let r be a(11). Suppose -r*p + 14 - 4 = 0. Suppose -264 = -4*c + p*c. What is the highest common divisor of c and 12?
12
Suppose 544 = 4*q - 0*q. Suppose 3*v - 38 = -2*s + 7*v, -3*s + 2*v = -53. What is the greatest common factor of q and s?
17
Let r(u) = u**2 - 12*u + 21. Let t be r(11). What is the greatest common divisor of 10 and t?
10
Let f = 146 + -142. Let v = -15 + 47. What is the greatest common factor of f and v?
4
Let f = 7 - 5. Let q be -2 + (32/f - -2). Let p be (-18)/(-3)*32/6. What is the highest common factor of q and p?
16
Let g = -13 + 24. Let l = 19 + 69. Calculate the greatest common factor of g and l.
11
Let z be 30/(-9 + (-69)/(-6)). What is the greatest common factor of z and 192?
12
Let m be -3*((-11)/3 + 3). Suppose 2*p - 432 = -m*p. Suppose -4*v = -v - p. Calculate the greatest common divisor of v and 9.
9
Let r = 5 + 6. Let c(k) = 2*k**2 + 14*k - 14. Let x be c(-9). Calculate the highest common divisor of x and r.
11
Suppose j + 35 = 6*j. Let o(p) = p**2 - 2*p + 1. Let w be o(j). What is the highest common factor of w and 72?
36
Suppose 0 = 5*j + 30 - 540. What is the highest common factor of j and 34?
34
Let d be 7 + (-7237)/(-5) + 6/10. Calculate the greatest common factor of 15 and d.
15
Let p(n) = -n**2 + 8*n - 16. Let v be p(5). Let y = 18 - 2. Let u = y + v. What is the greatest common divisor of u and 15?
15
Suppose 9*m = 5*m. Suppose u = -3*u - 2*z + 10, m = 4*z - 4. What is the greatest common factor of u and 18?
2
Suppose -c + 4*o = -2*c - 11, -4*c + 4*o = 104. Let j = c - -45. Let l = j + 90. Calculate the greatest common factor of l and 14.
14
Let l be (-15 + 1)*(-1)/2. Let m = 3 + 32. What is the highest common divisor of l and m?
7
Let o(w) = 5*w - 155 + 159 + 6*w - 9*w**2 - w**3 - 3*w. Let d be o(-10). Calculate the highest common divisor of 36 and d.
12
Let t be 348/(-21) - (-6)/(-14). Let p = t - -20. Suppose -5*u = -5*v + 105, -p*v + u + 93 = v. Calculate the greatest common divisor of 3 and v.
3
Suppose 0 = -u - 2*o + 171, 4*o = 13 - 1. What is the greatest common divisor of u and 15?
15
Let s be 3/((-6)/(-68)) + 216/(-54). Suppose 0 = -5*z + 3*z + s. What is the greatest common divisor of z and 30?
15
Let u = 1599 - 609. Calculate the highest common divisor of u and 90.
90
Suppose -2*i - 2 = -6. Suppose 0 + 4 = i*o. Calculate the greatest common factor of o and 2.
2
Let y(l) = -3*l**2 - 54*l + 82. Let t be y(-17). What is the highest common divisor of t and 57?
19
Suppose 846*h - 847*h + 20 = 0. What is the highest common divisor of h and 4?
4
Let n = 54 + -36. Let c be 8/100 - (-24288)/150. What is the highest common factor of c and n?
18
Suppose 11*r - 6*r - 49 = -n, 2*n + r - 53 = 0. Let m = 187 + -115. Calculate the greatest common divisor of m and n.
24
Let m be (-13 - -13)/(2/2). Suppose 5*a - 2*a - 16 = -2*b, -b + a + 8 = m. Calculate the highest common factor of b and 88.
8
Let h = -21 - -26. Suppose 6*u - u + 3*b = 3, -5 = 5*u + h*b. Suppose -5*n = 5*z - 496 + 61, 4*n = u*z - 268. What is the highest common factor of z and 8?
8
Let u = -52 + 53. Let o(m) = 71*m**3 - 2*m**2 + m. Let x be o(u). What is the greatest common factor of x and 175?
35
Let p(l) = 26*l**2 - l. Let k be p(1). Let n = -26 - -46. Suppose -10*t = -12*t + n. Calculate the highest common factor of t and k.
5
Let s be (-41 - -38)*-1*(0 + 1). Suppose -3*i - s = 10*z - 8*z, 0 = -2*z + 2*i + 22. Calculate the highest common divisor of z and 78.
6
Suppose l - 2*x + 35 = x, -5*x = 4*l + 225. Let k = 75 + l. What is the greatest common factor of 10 and k?
5
Let v be 2/7 + (-817)/(-7). Let u(r) = -3*r + 1. Suppose -d = 4*k + 11, -2*k + d - 14 + 1 = 0. Let h be u(k). Calculate the greatest common factor of v and h.
13
Let p = -408 - -586. What is the highest common divisor of 801 and p?
89
Let p be 1/7 + (-13)/91. Suppose p = 5*a - 4*n - 42, 3*n + 0*n = -5*a + 21. What is the greatest common divisor of 27 and a?
3
Let r(h) = 34*h**3 - 11*h + 23. Let a be r(2). Calculate the highest common factor of 21 and a.
21
Let p(d) = d**2 - 15*d - 46. Let t be p(-19). What is the greatest common factor of t and 24?
24
Let r(b) = 11*b**2 - 17*b + 126. Let k be r(10). Calculate the greatest common factor of k and 11.
11
Let z(s) = -57*s + 16. Let q be z(-3). Let c = q + -34. What is the highest common divisor of c and 17?
17
Let n be 100/(-15)*-2*(-9)/12. Let z(m) = -m - 1. Let v be z(n). What is the greatest common divisor of 81 and v?
9
Suppose 29 + 16 = 3*n. Let q(b) = b**3 + 8*b**2 + 7*b + 5. Let o be q(-6). Let y = o - n. Calculate the greatest common divisor of y and 8.
4
Suppose -160 = -9*x + 4*x. Let n(j) = j**3 + 12*j**2 + j + 16. Let g(u) = -u - 2. Let t be g(10). Let r be n(t). What is the greatest common divisor of r and x?
4
Suppose 4*s = q + 2*s - 2, 2*q + 4*s - 12 = 0. Suppose -q*h + z + 676 = 0, 0 = -2*h + 2*z + 448 - 116. What is the greatest common factor of 10 and h?
10
Let k(q) = -q**2 + 14*q + 2. Let a be k(14). What is the greatest common divisor of a and 2?
2
Let s be 82 - 12/156*13. What is the highest common factor of s and 15?
3
Let v(w) = 4*w**3 - 3*w**2 - w + 2. Let r be v(2). Suppose -j = 3*n - 37, 5*n + 3*j = -j + 64. Calculate the greatest common divisor of n and r.
4
Suppose -2*a + 43 = -h, 4*a + h - 44 = 45. Let p be 66*(14/21 - -2). What is the highest common divisor of p and a?
22
Let j = -144 + 168. Let o(z) = 6*z**3 - z + 1. Suppose 0 = -2*f - 5*t - 14 - 4, 0 = 4*f + 2*t + 4. Let a be o(f). What is the greatest common factor of j and a?
6
Let g(l) = 31*l**3 - 2*l**2 + 1. Let t be g(1). Let p = 28 + 12. What is the highest common divisor of t and p?
10
Let b be 1264/18 + (-1)/(9/2). Calculate the highest common divisor of 56 and b.
14
Suppose 0 = -1042*y + 1063*y - 7392. What is the greatest common divisor of y and 44?
44
Let n be ((-46)/(-4))/(4/24). Let c = -73 + 96. What is the highest common factor of n and c?
23
Let q = -72 + 116. Suppose -2*x + 3*o = -14, 8*x - 3*x - o = 22. What is the highest common factor of q and x?
4
Let v(a) = 14*a + 2. Let j be v(3). Let z(o) = -o**3 + 7*o**2 + 21*o + 6. Let y be z(9). What is the highest common factor of j and y?
11
Suppose 0 = -2*y + 211 + 309. What is the highest common divisor of 195 and y?
65
Suppose z + f - 45 = 0, -34 = -2*z + 4*f + 62. Let u = z - 8. What is the highest common factor of u and 19?
19
Let w(n) = -n**2 + 9*n - 10. Let o be ((-1)/(-2))/(6/84). Let a be w(o). Calculate the highest common divisor of 8 and a.
4
Let q(p) be the second derivative of 0 - 1/6*p**3 + 9*p**2 - 6*p. Let u be q(6). What is the greatest common divisor of 12 and u?
12
Let j be (-48 + -87)*(-4)/((-40)/(-6)). Calculate the highest common divisor of 4779 and j.
81
Let d = -99 - -97. Let m be ((-112)/20 - d)/(6/(-140)). What is the highest common divisor of m and 24?
12
Let l(t) = -t**3 - 8*t**2 - t - 2. Suppose 3*c + 80 = -7*c. Let x be l(c). What is the greatest common divisor of x and 3?
3
Let v = -100 + 53. Let l = v + 83. Suppose -2*j + 35 = 3*j + 5*n, -j = -2*n - 22. What is the greatest common factor of j and l?
12
Suppose 190 = 10*o - 100. Let l = -63 + 295. What is the highest common divisor of o and l?
29
Let i = 2234 + -709. What is the greatest common divisor of i and 50?
25
Let q = 84 - 57. Let z be 36*(-4 - 52/(-16)). Let x be 6/z + 3406/18. Calculate the greatest common factor of x and q.
27
Suppose -4*j - 207 = -23. Suppose z - 3*p = -25, 2*z = 8*p - 4*p - 46. Let b = z - j. What is the highest common factor of b 